{"id":16144,"date":"2020-01-02T15:54:29","date_gmt":"2020-01-02T14:54:29","guid":{"rendered":"http:\/\/www.fiveminutesspare.com\/news\/?page_id=16144"},"modified":"2020-01-27T12:24:30","modified_gmt":"2020-01-27T11:24:30","slug":"africa","status":"publish","type":"page","link":"https:\/\/www.fiveminutesspare.com\/news\/africa\/","title":{"rendered":"Africa"},"content":{"rendered":"<div class=\"wp-rss-template-container\" data-wpra-template=\"grid-1\" data-template-ctx=\"eyJ0ZW1wbGF0ZSI6ImdyaWQtMSIsInNvdXJjZSI6IjE5MjcxIiwiaXRlbXMiOnt9fQ==\">\n    <div class=\"wp-rss-aggregator wpra-list-template  \" data-page=\"1\">\n    \n    \n<ul class=\"wpra-item-list rss-aggregator wpra-item-list--bullets wpra-item-list--default\"\n    start=\"1\">\n                        <li class=\"wpra-item feed-item \">\n            \n            \n\n    <a  href=\"https:\/\/www.pap.pl\/mediaroom\/pkp-intercity-wprowadza-na-tory-eco-driving\" target=\"_blank\" rel=\"nofollow\" class=\"\">PKP Intercity wprowadza na tory eco driving<\/a>\n\n\n\n\n\n\n<div class=\"wprss-feed-meta\">\n            <span class=\"feed-source\">\n            Source:\n\n                            <a  href=\"https:\/\/www.pap.pl\/\" target=\"_blank\" rel=\"nofollow\" class=\"\">Polska Agencja Prasowa SA<\/a>\n                    <\/span>\n    \n            <span class=\"feed-date\">\n            Published on: 2023-09-21\n        <\/span>\n    \n    <\/div>\n\n\n\n\n\n            \n        <\/li>\n                    <li class=\"wpra-item feed-item \">\n            \n            \n\n    <a  href=\"https:\/\/www.pap.pl\/mediaroom\/rosnie-konsumpcja-owocow-i-warzyw\" target=\"_blank\" rel=\"nofollow\" class=\"\">Ro\u015bnie konsumpcja owoc\u00f3w i warzyw<\/a>\n\n\n\n\n\n\n<div class=\"wprss-feed-meta\">\n            <span class=\"feed-source\">\n            Source:\n\n                            <a  href=\"https:\/\/www.pap.pl\/\" target=\"_blank\" rel=\"nofollow\" class=\"\">Polska Agencja Prasowa SA<\/a>\n                    <\/span>\n    \n            <span class=\"feed-date\">\n            Published on: 2023-09-21\n        <\/span>\n    \n    <\/div>\n\n\n\n\n\n            \n        <\/li>\n                    <li class=\"wpra-item feed-item \">\n            \n            \n\n    <a  href=\"https:\/\/www.pap.pl\/mediaroom\/pierwszy-konkurs-igrzysk-azjatyckich-odbyl-sie-w-ningbo-zhejiang\" target=\"_blank\" rel=\"nofollow\" class=\"\">Pierwszy konkurs Igrzysk Azjatyckich odby\u0142 si\u0119 w Ningbo, Zhejiang<\/a>\n\n\n\n\n\n\n<div class=\"wprss-feed-meta\">\n            <span class=\"feed-source\">\n            Source:\n\n                            <a  href=\"https:\/\/www.pap.pl\/\" target=\"_blank\" rel=\"nofollow\" class=\"\">Polska Agencja Prasowa SA<\/a>\n                    <\/span>\n    \n            <span class=\"feed-date\">\n            Published on: 2023-09-21\n        <\/span>\n    \n    <\/div>\n\n\n\n\n\n            \n        <\/li>\n                    <li class=\"wpra-item feed-item \">\n            \n            \n\n    <a  href=\"https:\/\/www.pap.pl\/mediaroom\/trako-2023-biletomat-uniwersalny-ulatwi-zycie-podroznym-i-przewoznikom\" target=\"_blank\" rel=\"nofollow\" class=\"\">TRAKO 2023: biletomat uniwersalny u\u0142atwi \u017cycie podr\u00f3\u017cnym i przewo\u017anikom<\/a>\n\n\n\n\n\n\n<div class=\"wprss-feed-meta\">\n            <span class=\"feed-source\">\n            Source:\n\n                            <a  href=\"https:\/\/www.pap.pl\/\" target=\"_blank\" rel=\"nofollow\" class=\"\">Polska Agencja Prasowa SA<\/a>\n                    <\/span>\n    \n            <span class=\"feed-date\">\n            Published on: 2023-09-21\n        <\/span>\n    \n    <\/div>\n\n\n\n\n\n            \n        <\/li>\n                    <li class=\"wpra-item feed-item \">\n            \n            \n\n    <a  href=\"https:\/\/www.pap.pl\/mediaroom\/kantar-truskawki-symbolem-konczacego-sie-lata\" target=\"_blank\" rel=\"nofollow\" class=\"\">Kantar: truskawki symbolem ko\u0144cz\u0105cego si\u0119 lata<\/a>\n\n\n\n\n\n\n<div class=\"wprss-feed-meta\">\n            <span class=\"feed-source\">\n            Source:\n\n                            <a  href=\"https:\/\/www.pap.pl\/\" target=\"_blank\" rel=\"nofollow\" class=\"\">Polska Agencja Prasowa SA<\/a>\n                    <\/span>\n    \n            <span class=\"feed-date\">\n            Published on: 2023-09-21\n        <\/span>\n    \n    <\/div>\n\n\n\n\n\n            \n        <\/li>\n                    <li class=\"wpra-item feed-item \">\n            \n            \n\n    <a  href=\"https:\/\/www.pap.pl\/mediaroom\/prezes-pkp-cargo-w-trojmorzu-chcemy-byc-silni-aktywni-i-widoczni\" target=\"_blank\" rel=\"nofollow\" class=\"\">Prezes PKP Cargo: w Tr\u00f3jmorzu chcemy by\u0107 silni, aktywni i widoczni<\/a>\n\n\n\n\n\n\n<div class=\"wprss-feed-meta\">\n            <span class=\"feed-source\">\n            Source:\n\n                            <a  href=\"https:\/\/www.pap.pl\/\" target=\"_blank\" rel=\"nofollow\" class=\"\">Polska Agencja Prasowa SA<\/a>\n                    <\/span>\n    \n            <span class=\"feed-date\">\n            Published on: 2023-09-21\n        <\/span>\n    \n    <\/div>\n\n\n\n\n\n            \n        <\/li>\n        <\/ul>\n\n        \n<\/div>\n\n<\/div>\n\n<p>&nbsp;<\/p>\n<div class=\"wp-rss-template-container\" data-wpra-template=\"grid-1\" data-template-ctx=\"eyJ0ZW1wbGF0ZSI6ImdyaWQtMSIsInNvdXJjZSI6IjE5MjQxIiwiaXRlbXMiOnt9fQ==\">\n    <div class=\"wp-rss-aggregator wpra-list-template  \" data-page=\"1\">\n    \n    \n<ul class=\"wpra-item-list rss-aggregator wpra-item-list--bullets wpra-item-list--default\"\n    start=\"1\">\n                        <li class=\"wpra-item feed-item \">\n            \n            \n\n    <a  href=\"https:\/\/www.cinemablend.com\/television\/dancing-with-the-stars-fans-want-terri-irwin-to-compete-robert-irwin-shared-take\" target=\"_blank\" rel=\"nofollow\" class=\"\">Dancing With The Stars Fans Want Terri Irwin To Compete, And Robert Irwin Shared His Honest Take<\/a>\n\n\n\n\n\n\n<div class=\"wprss-feed-meta\">\n            <span class=\"feed-source\">\n            Source:\n\n                            <a  href=\"https:\/\/www.cinemablend.com\/\" target=\"_blank\" rel=\"nofollow\" class=\"\">Latest from CinemaBlend<\/a>\n                    <\/span>\n    \n            <span class=\"feed-date\">\n            Published on: 2025-12-03\n        <\/span>\n    \n    <\/div>\n\n\n\n\n\n            \n        <\/li>\n                    <li class=\"wpra-item feed-item \">\n            \n            \n\n    <a  href=\"https:\/\/www.cinemablend.com\/television\/ncis-origins-hit-wheeler-major-shakeups-secret-relationship-one-good-thing-came-out-of-it\" target=\"_blank\" rel=\"nofollow\" class=\"\">NCIS: Origins Hit Wheeler With Some Major Shakeups Tied To His Secret Relationship, But I\u2019m Glad One Good Thing Came Out Of It<\/a>\n\n\n\n\n\n\n<div class=\"wprss-feed-meta\">\n            <span class=\"feed-source\">\n            Source:\n\n                            <a  href=\"https:\/\/www.cinemablend.com\/\" target=\"_blank\" rel=\"nofollow\" class=\"\">Latest from CinemaBlend<\/a>\n                    <\/span>\n    \n            <span class=\"feed-date\">\n            Published on: 2025-12-03\n        <\/span>\n    \n    <\/div>\n\n\n\n\n\n            \n        <\/li>\n                    <li class=\"wpra-item feed-item \">\n            \n            \n\n    <a  href=\"https:\/\/www.cinemablend.com\/movies\/josh-hutcherson-met-girlfriend-at-height-hunger-games-fame-how-handled-mean-jennifer-lawrence-rumors\" target=\"_blank\" rel=\"nofollow\" class=\"\">Josh Hutcherson Met His Girlfriend At The Height Of Hunger Games Fame. How They Handled &#039;Mean S--t&#039; (And Those Jennifer Lawrence Rumors)<\/a>\n\n\n\n\n\n\n<div class=\"wprss-feed-meta\">\n            <span class=\"feed-source\">\n            Source:\n\n                            <a  href=\"https:\/\/www.cinemablend.com\/\" target=\"_blank\" rel=\"nofollow\" class=\"\">Latest from CinemaBlend<\/a>\n                    <\/span>\n    \n            <span class=\"feed-date\">\n            Published on: 2025-12-03\n        <\/span>\n    \n    <\/div>\n\n\n\n\n\n            \n        <\/li>\n                    <li class=\"wpra-item feed-item \">\n            \n            \n\n    <a  href=\"https:\/\/www.cinemablend.com\/movies\/james-cameron-still-working-new-terminator-project-one-reason-difficult\" target=\"_blank\" rel=\"nofollow\" class=\"\">James Cameron Says He\u2019s Still Working On A New Terminator Project, But Also Reveals One Reason It\u2019s Been \u2018Difficult\u2019<\/a>\n\n\n\n\n\n\n<div class=\"wprss-feed-meta\">\n            <span class=\"feed-source\">\n            Source:\n\n                            <a  href=\"https:\/\/www.cinemablend.com\/\" target=\"_blank\" rel=\"nofollow\" class=\"\">Latest from CinemaBlend<\/a>\n                    <\/span>\n    \n            <span class=\"feed-date\">\n            Published on: 2025-12-03\n        <\/span>\n    \n    <\/div>\n\n\n\n\n\n            \n        <\/li>\n                    <li class=\"wpra-item feed-item \">\n            \n            \n\n    <a  href=\"https:\/\/www.cinemablend.com\/superheroes\/marvel-cinematic-universe\/rumors-swirling-millie-bobby-brown-x-men-movie-which-character-id-like-shadowcat\" target=\"_blank\" rel=\"nofollow\" class=\"\">Rumors Are Swirling About Millie Bobby Brown In The X-Men Movie, And I Know Which Character I\u2019d Like Her To Play<\/a>\n\n\n\n\n\n\n<div class=\"wprss-feed-meta\">\n            <span class=\"feed-source\">\n            Source:\n\n                            <a  href=\"https:\/\/www.cinemablend.com\/\" target=\"_blank\" rel=\"nofollow\" class=\"\">Latest from CinemaBlend<\/a>\n                    <\/span>\n    \n            <span class=\"feed-date\">\n            Published on: 2025-12-02\n        <\/span>\n    \n    <\/div>\n\n\n\n\n\n            \n        <\/li>\n                    <li class=\"wpra-item feed-item \">\n            \n            \n\n    <a  href=\"https:\/\/www.cinemablend.com\/movies\/avatar-fire-and-ash-has-screened-visually-superb-saga-common-complaint\" target=\"_blank\" rel=\"nofollow\" class=\"\">Avatar: Fire And Ash Has Screened, And Despite Being Another \u2018Visually Superb\u2019 Saga, There\u2019s One Common Complaint<\/a>\n\n\n\n\n\n\n<div class=\"wprss-feed-meta\">\n            <span class=\"feed-source\">\n            Source:\n\n                            <a  href=\"https:\/\/www.cinemablend.com\/\" target=\"_blank\" rel=\"nofollow\" class=\"\">Latest from CinemaBlend<\/a>\n                    <\/span>\n    \n            <span class=\"feed-date\">\n            Published on: 2025-12-02\n        <\/span>\n    \n    <\/div>\n\n\n\n\n\n            \n        <\/li>\n                    <li class=\"wpra-item feed-item \">\n            \n            \n\n    <a  href=\"https:\/\/www.cinemablend.com\/streaming-news\/chatter-diddy-others-netflix-doc-how-actual-jurors-feel-about-verdict\" target=\"_blank\" rel=\"nofollow\" class=\"\">There\u2019s Been A Lot Of Chatter From Diddy And Others About That Netflix Doc, But How Do The Actual Jurors Feel About The Verdict?<\/a>\n\n\n\n\n\n\n<div class=\"wprss-feed-meta\">\n            <span class=\"feed-source\">\n            Source:\n\n                            <a  href=\"https:\/\/www.cinemablend.com\/\" target=\"_blank\" rel=\"nofollow\" class=\"\">Latest from CinemaBlend<\/a>\n                    <\/span>\n    \n            <span class=\"feed-date\">\n            Published on: 2025-12-02\n        <\/span>\n    \n    <\/div>\n\n\n\n\n\n            \n        <\/li>\n                    <li class=\"wpra-item feed-item \">\n            \n            \n\n    <a  href=\"https:\/\/www.cinemablend.com\/streaming-news\/stranger-things-fans-confused-swearing-in-season-5\" target=\"_blank\" rel=\"nofollow\" class=\"\">Some Stranger Things Fans Are Confused About The Swearing In Season 5<\/a>\n\n\n\n\n\n\n<div class=\"wprss-feed-meta\">\n            <span class=\"feed-source\">\n            Source:\n\n                            <a  href=\"https:\/\/www.cinemablend.com\/\" target=\"_blank\" rel=\"nofollow\" class=\"\">Latest from CinemaBlend<\/a>\n                    <\/span>\n    \n            <span class=\"feed-date\">\n            Published on: 2025-12-02\n        <\/span>\n    \n    <\/div>\n\n\n\n\n\n            \n        <\/li>\n        <\/ul>\n\n        \n<\/div>\n\n<\/div>\n\n","protected":false},"excerpt":{"rendered":"<p>&nbsp;<\/p>\n","protected":false},"author":1,"featured_media":0,"parent":0,"menu_order":0,"comment_status":"closed","ping_status":"closed","template":"blogtwocolumns.php","meta":{"_bbp_topic_count":0,"_bbp_reply_count":0,"_bbp_total_topic_count":0,"_bbp_total_reply_count":0,"_bbp_voice_count":0,"_bbp_anonymous_reply_count":0,"_bbp_topic_count_hidden":0,"_bbp_reply_count_hidden":0,"_bbp_forum_subforum_count":0,"om_disable_all_campaigns":false,"footnotes":""},"class_list":["post-16144","page","type-page","status-publish","hentry"],"aioseo_notices":[],"_links":{"self":[{"href":"https:\/\/www.fiveminutesspare.com\/news\/wp-json\/wp\/v2\/pages\/16144","targetHints":{"allow":["GET"]}}],"collection":[{"href":"https:\/\/www.fiveminutesspare.com\/news\/wp-json\/wp\/v2\/pages"}],"about":[{"href":"https:\/\/www.fiveminutesspare.com\/news\/wp-json\/wp\/v2\/types\/page"}],"author":[{"embeddable":true,"href":"https:\/\/www.fiveminutesspare.com\/news\/wp-json\/wp\/v2\/users\/1"}],"replies":[{"embeddable":true,"href":"https:\/\/www.fiveminutesspare.com\/news\/wp-json\/wp\/v2\/comments?post=16144"}],"version-history":[{"count":4,"href":"https:\/\/www.fiveminutesspare.com\/news\/wp-json\/wp\/v2\/pages\/16144\/revisions"}],"predecessor-version":[{"id":19278,"href":"https:\/\/www.fiveminutesspare.com\/news\/wp-json\/wp\/v2\/pages\/16144\/revisions\/19278"}],"wp:attachment":[{"href":"https:\/\/www.fiveminutesspare.com\/news\/wp-json\/wp\/v2\/media?parent=16144"}],"curies":[{"name":"wp","href":"https:\/\/api.w.org\/{rel}","templated":true}]}}